{"id":993,"date":"2023-12-10T14:24:23","date_gmt":"2023-12-10T13:24:23","guid":{"rendered":"https:\/\/histoirepatrimoine-paris17.org\/?page_id=993"},"modified":"2025-05-28T20:07:05","modified_gmt":"2025-05-28T18:07:05","slug":"deces-du-professeur-mignot","status":"publish","type":"page","link":"https:\/\/histoirepatrimoine-paris17.org\/index.php\/deces-du-professeur-mignot\/","title":{"rendered":"D\u00e9c\u00e8s du Professeur Mignot"},"content":{"rendered":"\n<p><\/p>\n\n\n\n<figure class=\"wp-block-image size-full\"><img loading=\"lazy\" decoding=\"async\" width=\"237\" height=\"289\" src=\"https:\/\/histoirepatrimoine-paris17.org\/wp-content\/uploads\/2023\/12\/Claude-Mignot-2.jpg\" alt=\"\" class=\"wp-image-994\"\/><\/figure>\n\n\n\n<p><strong>C&rsquo;est avec une tr\u00e8s grande tristesse que nous avons appris mi-novembre la mort du professeur Claude Mignot<\/strong>, quelques jours avant son 80\u00e8me anniversaire. Membre de notre Comit\u00e9 d&rsquo;honneur, il fut parmi nos tous premiers soutiens lorsque nous avons d\u00e9cid\u00e9 de cr\u00e9er notre association en 2020.<br><br>Normalien, agr\u00e9g\u00e9 de lettres classiques, il fut pensionnaire de l&rsquo;Acad\u00e9mie de France \u00e0 Rome \u00e0 la Villa M\u00e9dicis avant d&rsquo;obtenir son doctorat en histoire de l&rsquo;art.<br>Professeur \u00e9m\u00e9rite \u00e0 l\u2019Universit\u00e9 Paris-Sorbonne apr\u00e8s avoir longtemps enseign\u00e9 \u00e0 l&rsquo;Universit\u00e9 de Tours, ancien membre du Centre Andr\u00e9 Chastel ainsi que de la Commission du Vieux Paris (de 2008 \u00e0 2020), il \u00e9tait \u00e9galement le pr\u00e9sident d\u2019honneur de\u00a0<em>9\u00e8me Histoire<\/em>\u00a0(Soci\u00e9t\u00e9 pour l\u2019\u00c9tude du Patrimoine et de l\u2019Histoire du 9\u00e8me arrondissement).<br><br>Il laisse de tr\u00e8s nombreux ouvrages de r\u00e9f\u00e9rence comme sa fameuse <em>\u00ab\u00a0Architecture au XIX\u00e8me si\u00e8cle\u00a0\u00bb<\/em> mais sut aussi partager ses connaissances dans des livres destin\u00e9s au grand public tels sa \u00ab\u00a0<em>Grammaire des immeubles parisiens<\/em>\u00a0\u00bb ou \u00ab\u00a0<em>100 fa\u00e7ades remarquable<\/em>s\u00a0\u00bb, tous deux de tr\u00e8s beaux succ\u00e8s \u00e9dit\u00e9s chez Parigramme.<br><br>Son immense savoir, toujours accompagn\u00e9 d&rsquo;une grande humilit\u00e9, et sa bienveillance vont beaucoup nous manquer et nous avons une pens\u00e9e affectueuse pour sa famille, et tout particuli\u00e8rement ses enfants et petits-enfants.<br><br>Ses obs\u00e8ques ont eu lieu le lundi 20 novembre en l&rsquo;\u00e9glise Notre-Dame-de-Lorette qu&rsquo;il connaissait si bien, en pr\u00e9sence de Delphine B\u00fcrkli, maire du 9e arrondissement, de Jean-Fran\u00e7ois Legaret, pr\u00e9sident de la Commission du Vieux Paris, et de nombreux amis et personnalit\u00e9s du monde universitaire, avec un hommage tr\u00e8s \u00e9mouvant rendu par le professeur Alexandre Gady.<br>Un hommage lui a \u00e9galement \u00e9t\u00e9 rendu lors de la r\u00e9union de la Commission du Vieux Paris du 21 novembre par son secr\u00e9taire g\u00e9n\u00e9ral Simon Texier.<\/p>\n\n\n\n<p><strong><em>Novembre 2023.<\/em><\/strong><\/p>\n\n\n\n<p><\/p>\n","protected":false},"excerpt":{"rendered":"<p>C&rsquo;est avec une tr\u00e8s grande tristesse que nous avons appris mi-novembre la mort du professeur Claude Mignot, quelques jours avant son 80\u00e8me anniversaire. Membre de notre Comit\u00e9 d&rsquo;honneur, il fut parmi nos tous premiers soutiens lorsque nous avons d\u00e9cid\u00e9 de <a class=\"more-link\" href=\"https:\/\/histoirepatrimoine-paris17.org\/index.php\/deces-du-professeur-mignot\/\">Lire plus &#8230;<\/a><\/p>\n","protected":false},"author":1,"featured_media":0,"parent":0,"menu_order":0,"comment_status":"closed","ping_status":"closed","template":"","meta":{"footnotes":""},"class_list":["post-993","page","type-page","status-publish","hentry"],"_links":{"self":[{"href":"https:\/\/histoirepatrimoine-paris17.org\/index.php\/wp-json\/wp\/v2\/pages\/993","targetHints":{"allow":["GET"]}}],"collection":[{"href":"https:\/\/histoirepatrimoine-paris17.org\/index.php\/wp-json\/wp\/v2\/pages"}],"about":[{"href":"https:\/\/histoirepatrimoine-paris17.org\/index.php\/wp-json\/wp\/v2\/types\/page"}],"author":[{"embeddable":true,"href":"https:\/\/histoirepatrimoine-paris17.org\/index.php\/wp-json\/wp\/v2\/users\/1"}],"replies":[{"embeddable":true,"href":"https:\/\/histoirepatrimoine-paris17.org\/index.php\/wp-json\/wp\/v2\/comments?post=993"}],"version-history":[{"count":2,"href":"https:\/\/histoirepatrimoine-paris17.org\/index.php\/wp-json\/wp\/v2\/pages\/993\/revisions"}],"predecessor-version":[{"id":1323,"href":"https:\/\/histoirepatrimoine-paris17.org\/index.php\/wp-json\/wp\/v2\/pages\/993\/revisions\/1323"}],"wp:attachment":[{"href":"https:\/\/histoirepatrimoine-paris17.org\/index.php\/wp-json\/wp\/v2\/media?parent=993"}],"curies":[{"name":"wp","href":"https:\/\/api.w.org\/{rel}","templated":true}]}}

Décès du Professeur Mignot

<p></p>



<figure class="wp-block-image size-full"><img loading="lazy" decoding="async" width="237" height="289" src="https://histoirepatrimoine-paris17.org/wp-content/uploads/2023/12/Claude-Mignot-2.jpg" alt="" class="wp-image-994"/></figure>



<p><strong>C&rsquo;est avec une très grande tristesse que nous avons appris mi-novembre la mort du professeur Claude Mignot</strong>, quelques jours avant son 80ème anniversaire. Membre de notre Comité d&rsquo;honneur, il fut parmi nos tous premiers soutiens lorsque nous avons décidé de créer notre association en 2020.<br><br>Normalien, agrégé de lettres classiques, il fut pensionnaire de l&rsquo;Académie de France à Rome à la Villa Médicis avant d&rsquo;obtenir son doctorat en histoire de l&rsquo;art.<br>Professeur émérite à l’Université Paris-Sorbonne après avoir longtemps enseigné à l&rsquo;Université de Tours, ancien membre du Centre André Chastel ainsi que de la Commission du Vieux Paris (de 2008 à 2020), il était également le président d’honneur de <em>9ème Histoire</em> (Société pour l’Étude du Patrimoine et de l’Histoire du 9ème arrondissement).<br><br>Il laisse de très nombreux ouvrages de référence comme sa fameuse <em>« Architecture au XIXème siècle »</em> mais sut aussi partager ses connaissances dans des livres destinés au grand public tels sa « <em>Grammaire des immeubles parisiens</em> » ou « <em>100 façades remarquable</em>s », tous deux de très beaux succès édités chez Parigramme.<br><br>Son immense savoir, toujours accompagné d&rsquo;une grande humilité, et sa bienveillance vont beaucoup nous manquer et nous avons une pensée affectueuse pour sa famille, et tout particulièrement ses enfants et petits-enfants.<br><br>Ses obsèques ont eu lieu le lundi 20 novembre en l&rsquo;église Notre-Dame-de-Lorette qu&rsquo;il connaissait si bien, en présence de Delphine Bürkli, maire du 9e arrondissement, de Jean-François Legaret, président de la Commission du Vieux Paris, et de nombreux amis et personnalités du monde universitaire, avec un hommage très émouvant rendu par le professeur Alexandre Gady.<br>Un hommage lui a également été rendu lors de la réunion de la Commission du Vieux Paris du 21 novembre par son secrétaire général Simon Texier.</p>



<p><strong><em>Novembre 2023.</em></strong></p>



<p></p>

<p>C&rsquo;est avec une très grande tristesse que nous avons appris mi-novembre la mort du professeur Claude Mignot, quelques jours avant son 80ème anniversaire. Membre de notre Comité d&rsquo;honneur, il fut parmi nos tous premiers soutiens lorsque nous avons décidé de <a class="more-link" href="https://histoirepatrimoine-paris17.org/index.php/deces-du-professeur-mignot/">Lire plus &#8230;</a></p>
