{"id":875,"date":"2022-11-29T12:16:29","date_gmt":"2022-11-29T11:16:29","guid":{"rendered":"https:\/\/histoirepatrimoine-paris17.org\/?page_id=875"},"modified":"2026-08-31T12:53:07","modified_gmt":"2026-08-31T10:53:07","slug":"mot-daccueil","status":"publish","type":"page","link":"https:\/\/histoirepatrimoine-paris17.org\/","title":{"rendered":"Demandez le programme ! \ud83d\ude4b\u200d\u2642\ufe0f\ud83d\ude4b\u200d\u2640\ufe0f"},"content":{"rendered":"\n<p class=\"wp-block-paragraph\">Bel \u00e9t\u00e9 \u00e0 toutes et \u00e0 tous \ud83c\udfd6\ufe0f\u2600\ufe0f et rendez-vous \u00e0 la rentr\u00e9e pour un second semestre encore riche de tr\u00e8s jolis \u00e9v\u00e9nements (programme pr\u00e9visionnel \u00e0 retrouver dans <a href=\"https:\/\/histoirepatrimoine-paris17.org\/index.php\/nos-evenements\">Nos \u00e9v\u00e9nements<\/a>) ! Nous avons h\u00e2te de vous retrouver en septembre pour partager ces nouvelles conf\u00e9rences et promenades guid\u00e9es !<\/p>\n\n\n\n<h2 class=\"wp-block-heading\"><strong>\ud83d\udcc6<\/strong> <strong>DIMANCHE 6 SEPTEMBRE, de 14h \u00e0 18h<\/strong> : Forum des Associations du 17e<\/h2>\n\n\n\n<p class=\"wp-block-paragraph\">Une belle occasion pour venir \u00e0 notre rencontre, d\u00e9couvrir nos activit\u00e9s (conf\u00e9rences, promenades guid\u00e9es, publications\u2026), nous poser toutes vos questions et gagner quelques petits cadeaux en faisant tourn\u00e9e la <em>Roue de l\u2019Histoire du 17e<\/em> !<br><em>\ud83d\udccd Par Martin-Luther-King, M\u00b0 Pont-Cardinet<\/em><\/p>\n\n\n\n<figure class=\"wp-block-image size-large\"><img loading=\"lazy\" decoding=\"async\" width=\"1024\" height=\"768\" src=\"https:\/\/histoirepatrimoine-paris17.org\/wp-content\/uploads\/2026\/07\/photo_2025-09-07_15-19-04-1024x768.jpg\" alt=\"\" class=\"wp-image-2018\" srcset=\"https:\/\/histoirepatrimoine-paris17.org\/wp-content\/uploads\/2026\/07\/photo_2025-09-07_15-19-04-1024x768.jpg 1024w, https:\/\/histoirepatrimoine-paris17.org\/wp-content\/uploads\/2026\/07\/photo_2025-09-07_15-19-04-300x225.jpg 300w, https:\/\/histoirepatrimoine-paris17.org\/wp-content\/uploads\/2026\/07\/photo_2025-09-07_15-19-04-768x576.jpg 768w, https:\/\/histoirepatrimoine-paris17.org\/wp-content\/uploads\/2026\/07\/photo_2025-09-07_15-19-04.jpg 1280w\" sizes=\"auto, (max-width: 1024px) 100vw, 1024px\" \/><\/figure>\n\n\n\n<h2 class=\"wp-block-heading\"><strong>\ud83d\udcc6<\/strong>\ud83c\udfa4+\ud83d\udeb6\u200d\u2642\ufe0f <strong>SAMEDI 19 SEPTEMBRE, Conf\u00e9rence \u00e0 11h + Promenade guid\u00e9e \u00e0 14h30 :<\/strong> <strong>\u00ab\u00a0ARCHITECTURE ET URBANISME : LES PROFONDES TRANSFORMATIONS DE PARIS SOUS LE SECOND EMPIRE ET LA TROISIEME REPUBLIQUE\u00a0\u00bb<\/strong>, avec Patrick Rollot <em>(dans le cadre des Journ\u00e9es europ\u00e9ennes du Patrimoine)<\/em><\/h2>\n\n\n\n<p class=\"wp-block-paragraph\">Apr\u00e8s avoir fait un point <strong>\u00e0 11h<\/strong> sur l&rsquo;\u00e9volution des r\u00e8glements d&rsquo;urbanisme et leurs cons\u00e9quences concr\u00e8tes sur la ville qui nous entoure, partez <strong>\u00e0 14h30<\/strong> \u00e0 la d\u00e9couverte de toute la richesse des styles que nous offre l&rsquo;architecture parisienne de la seconde moiti\u00e9 du 19e et du d\u00e9but de 20e si\u00e8cles au c\u0153ur de la Plaine-Monceau : haussmannien, n\u00e9o-Renaissance, n\u00e9o-gothique, style troubadour, n\u00e9o-haussmannien, Art Nouveau, Art D\u00e9co&#8230; Une incroyable vari\u00e9t\u00e9 qui lui conf\u00e8re son charme rare et intemporel !<br><em>\ud83d\udccd MVAC du 17e, 25 rue Lantiez, M\u00b0 Guy Moquet et Tram T3b Epinettes-Pouchet<\/em>. <strong>Inscription obligatoire<\/strong> : 01 58 60 16 20 ou maison.asso.17@paris.fr<\/p>\n\n\n\n<figure class=\"wp-block-image size-large\"><img loading=\"lazy\" decoding=\"async\" width=\"1024\" height=\"618\" src=\"https:\/\/histoirepatrimoine-paris17.org\/wp-content\/uploads\/2026\/06\/260919-Visuel-JEP2026-1024x618.jpg\" alt=\"\" class=\"wp-image-1999\" srcset=\"https:\/\/histoirepatrimoine-paris17.org\/wp-content\/uploads\/2026\/06\/260919-Visuel-JEP2026-1024x618.jpg 1024w, https:\/\/histoirepatrimoine-paris17.org\/wp-content\/uploads\/2026\/06\/260919-Visuel-JEP2026-300x181.jpg 300w, https:\/\/histoirepatrimoine-paris17.org\/wp-content\/uploads\/2026\/06\/260919-Visuel-JEP2026-768x463.jpg 768w, https:\/\/histoirepatrimoine-paris17.org\/wp-content\/uploads\/2026\/06\/260919-Visuel-JEP2026.jpg 1230w\" sizes=\"auto, (max-width: 1024px) 100vw, 1024px\" \/><\/figure>\n\n\n\n<h2 class=\"wp-block-heading\"><strong>\ud83d\udcc6<\/strong>\ud83d\udeb6\u200d\u2642\ufe0f <strong>DIMANCHE 20 SEPTEMBRE, deux promenades guid\u00e9es, \u00e0 10h et \u00e0 14h :<\/strong> <strong>\u00ab\u00a0QUELQUES H\u00d4TELS PARTICULIERS AUX ABORDS DU PARC MONCEAU\u00a0\u00bb<\/strong>, avec Patrick Rollot <em>(dans le cadre des Journ\u00e9es europ\u00e9ennes du Patrimoine)<\/em><\/h2>\n\n\n\n<p class=\"wp-block-paragraph\">Les abords du Parc Monceau, r\u00e9am\u00e9nag\u00e9s par les fr\u00e8res Pereire sous Napol\u00e9on III, offrent une grande diversit\u00e9 d&rsquo;h\u00f4tels particuliers magnifiques, construits \u00e0 la fin du 19\u00e8me si\u00e8cle par de riches familles. Notre promenade commencera par une d\u00e9couverte de <strong>l&rsquo;h\u00f4tel Pereire, qui abrite depuis 1975 la Fondation Simone et Cino Del Duca<\/strong>, avant d&rsquo;aller observer d&rsquo;autres constructions ayant appartenu aux familles Menier, Reinach ou Herzog, dont vous d\u00e9couvrirez les histoires, avant d&rsquo;achever notre parcours \u00e0 <strong>la Biblioth\u00e8que musicale La Grange-Fleuret<\/strong> qui a pris place dans un bel h\u00f4tel particulier de 1867 et o\u00f9 nous attendra une jolie audition musicale avec <strong>le pianiste Valentin Walczak<\/strong>.<\/p>\n\n\n\n<figure class=\"wp-block-image size-large\"><img loading=\"lazy\" decoding=\"async\" width=\"1024\" height=\"824\" src=\"https:\/\/histoirepatrimoine-paris17.org\/wp-content\/uploads\/2026\/07\/Vue-a-vol-doiseau-du-Parc-de-Monceaux.-Entree-du-cote-du-Boulevard-de-Malesherbes.-Extrait-de-louvrage-Les-promenades-de-Paris-dAdolphe-Alphand-2-vol.-Paris-J.-Rothschild-1867-1873-BD-1024x824.jpg\" alt=\"\" class=\"wp-image-2035\" srcset=\"https:\/\/histoirepatrimoine-paris17.org\/wp-content\/uploads\/2026\/07\/Vue-a-vol-doiseau-du-Parc-de-Monceaux.-Entree-du-cote-du-Boulevard-de-Malesherbes.-Extrait-de-louvrage-Les-promenades-de-Paris-dAdolphe-Alphand-2-vol.-Paris-J.-Rothschild-1867-1873-BD-1024x824.jpg 1024w, https:\/\/histoirepatrimoine-paris17.org\/wp-content\/uploads\/2026\/07\/Vue-a-vol-doiseau-du-Parc-de-Monceaux.-Entree-du-cote-du-Boulevard-de-Malesherbes.-Extrait-de-louvrage-Les-promenades-de-Paris-dAdolphe-Alphand-2-vol.-Paris-J.-Rothschild-1867-1873-BD-300x242.jpg 300w, https:\/\/histoirepatrimoine-paris17.org\/wp-content\/uploads\/2026\/07\/Vue-a-vol-doiseau-du-Parc-de-Monceaux.-Entree-du-cote-du-Boulevard-de-Malesherbes.-Extrait-de-louvrage-Les-promenades-de-Paris-dAdolphe-Alphand-2-vol.-Paris-J.-Rothschild-1867-1873-BD-768x618.jpg 768w, https:\/\/histoirepatrimoine-paris17.org\/wp-content\/uploads\/2026\/07\/Vue-a-vol-doiseau-du-Parc-de-Monceaux.-Entree-du-cote-du-Boulevard-de-Malesherbes.-Extrait-de-louvrage-Les-promenades-de-Paris-dAdolphe-Alphand-2-vol.-Paris-J.-Rothschild-1867-1873-BD.jpg 1170w\" sizes=\"auto, (max-width: 1024px) 100vw, 1024px\" \/><\/figure>\n\n\n\n<p class=\"wp-block-paragraph\"><strong>Enfin, rejoignez-nous EN ADHERANT ou EN FAISANT UN DON (d\u00e9fiscalis\u00e9 de vos revenus 2025) <a href=\"https:\/\/histoirepatrimoine-paris17.org\/index.php\/adherer\/\" data-type=\"link\" data-id=\"https:\/\/histoirepatrimoine-paris17.org\/index.php\/adherer\/\">en cliquant ici<\/a> !<\/strong><br><br>H\u00e2te de vous retrouver lors de nos prochains \u00e9v\u00e9nements !<br><br>Patrick Rollot<br>Pr\u00e9sident d&rsquo;<em>Histoire &amp; Patrimoine de Paris 17e<\/em><\/p>\n\n\n\n<p class=\"wp-block-paragraph\">NB : O\u00f9 trouver <a href=\"https:\/\/histoirepatrimoine-paris17.org\/index.php\/nos-publications\/\">nos publications<\/a> dans le 17e, disponibles ou <a href=\"https:\/\/histoirepatrimoine-paris17.org\/index.php\/nos-publications\/\">sur commande<\/a> :<\/p>\n\n\n\n<figure class=\"wp-block-image size-large\"><img loading=\"lazy\" decoding=\"async\" width=\"724\" height=\"1024\" src=\"https:\/\/histoirepatrimoine-paris17.org\/wp-content\/uploads\/2026\/07\/2605-Presentation-Collection-Librairie_page-0001-724x1024.jpg\" alt=\"\" class=\"wp-image-2027\" srcset=\"https:\/\/histoirepatrimoine-paris17.org\/wp-content\/uploads\/2026\/07\/2605-Presentation-Collection-Librairie_page-0001-724x1024.jpg 724w, https:\/\/histoirepatrimoine-paris17.org\/wp-content\/uploads\/2026\/07\/2605-Presentation-Collection-Librairie_page-0001-212x300.jpg 212w, https:\/\/histoirepatrimoine-paris17.org\/wp-content\/uploads\/2026\/07\/2605-Presentation-Collection-Librairie_page-0001-768x1086.jpg 768w, https:\/\/histoirepatrimoine-paris17.org\/wp-content\/uploads\/2026\/07\/2605-Presentation-Collection-Librairie_page-0001-1086x1536.jpg 1086w, https:\/\/histoirepatrimoine-paris17.org\/wp-content\/uploads\/2026\/07\/2605-Presentation-Collection-Librairie_page-0001.jpg 1241w\" sizes=\"auto, (max-width: 724px) 100vw, 724px\" \/><\/figure>\n\n\n\n<p class=\"wp-block-paragraph\">&#8211; <strong><em>Comme une orange<\/em><\/strong><em>, <\/em>46 rue Bayen<br>&#8211; <em><strong>Kiosque \u00e0 journaux<\/strong>, <\/em>8 avenue des Ternes<br>&#8211; <strong><em>Au bonheur des livres<\/em><\/strong>, 52 rue des Dames<br>&#8211; <strong><em>Librairie Fontaine<\/em><\/strong>, 48 rue de L\u00e9vis<br>&#8211; <strong><em>Ars Una<\/em><\/strong>, 126 boulevard Malesherbes<br>&#8211; <strong><em>La Procure Saint-Fran\u00e7ois-de-Sales<\/em><\/strong>, 5 rue Br\u00e9montier<br>&#8211; <strong><em>Librairie des Batignolles<\/em><\/strong>, 48 rue des Moine<\/p>\n\n\n\n<p class=\"wp-block-paragraph\"><\/p>\n","protected":false},"excerpt":{"rendered":"<p>Bel \u00e9t\u00e9 \u00e0 toutes et \u00e0 tous \ud83c\udfd6\ufe0f\u2600\ufe0f et rendez-vous \u00e0 la rentr\u00e9e pour un second semestre encore riche de tr\u00e8s jolis \u00e9v\u00e9nements (programme pr\u00e9visionnel \u00e0 retrouver dans Nos \u00e9v\u00e9nements) ! Nous avons h\u00e2te de vous retrouver en septembre pour <a class=\"more-link\" href=\"https:\/\/histoirepatrimoine-paris17.org\/\">Lire plus &#8230;<\/a><\/p>\n","protected":false},"author":1,"featured_media":0,"parent":0,"menu_order":0,"comment_status":"closed","ping_status":"closed","template":"","meta":{"footnotes":""},"class_list":["post-875","page","type-page","status-publish","hentry"],"_links":{"self":[{"href":"https:\/\/histoirepatrimoine-paris17.org\/index.php\/wp-json\/wp\/v2\/pages\/875","targetHints":{"allow":["GET"]}}],"collection":[{"href":"https:\/\/histoirepatrimoine-paris17.org\/index.php\/wp-json\/wp\/v2\/pages"}],"about":[{"href":"https:\/\/histoirepatrimoine-paris17.org\/index.php\/wp-json\/wp\/v2\/types\/page"}],"author":[{"embeddable":true,"href":"https:\/\/histoirepatrimoine-paris17.org\/index.php\/wp-json\/wp\/v2\/users\/1"}],"replies":[{"embeddable":true,"href":"https:\/\/histoirepatrimoine-paris17.org\/index.php\/wp-json\/wp\/v2\/comments?post=875"}],"version-history":[{"count":218,"href":"https:\/\/histoirepatrimoine-paris17.org\/index.php\/wp-json\/wp\/v2\/pages\/875\/revisions"}],"predecessor-version":[{"id":2067,"href":"https:\/\/histoirepatrimoine-paris17.org\/index.php\/wp-json\/wp\/v2\/pages\/875\/revisions\/2067"}],"wp:attachment":[{"href":"https:\/\/histoirepatrimoine-paris17.org\/index.php\/wp-json\/wp\/v2\/media?parent=875"}],"curies":[{"name":"wp","href":"https:\/\/api.w.org\/{rel}","templated":true}]}}

<p class="wp-block-paragraph">Bel été à toutes et à tous 🏖️☀️ et rendez-vous à la rentrée pour un second semestre encore riche de très jolis événements (programme prévisionnel à retrouver dans <a href="https://histoirepatrimoine-paris17.org/index.php/nos-evenements">Nos événements</a>) ! Nous avons hâte de vous retrouver en septembre pour partager ces nouvelles conférences et promenades guidées !</p>



<h2 class="wp-block-heading"><strong>📆</strong> <strong>DIMANCHE 6 SEPTEMBRE, de 14h à 18h</strong> : Forum des Associations du 17e</h2>



<p class="wp-block-paragraph">Une belle occasion pour venir à notre rencontre, découvrir nos activités (conférences, promenades guidées, publications…), nous poser toutes vos questions et gagner quelques petits cadeaux en faisant tournée la <em>Roue de l’Histoire du 17e</em> !<br><em>📍 Par Martin-Luther-King, M° Pont-Cardinet</em></p>



<figure class="wp-block-image size-large"><img loading="lazy" decoding="async" width="1024" height="768" src="https://histoirepatrimoine-paris17.org/wp-content/uploads/2026/07/photo_2025-09-07_15-19-04-1024x768.jpg" alt="" class="wp-image-2018" srcset="https://histoirepatrimoine-paris17.org/wp-content/uploads/2026/07/photo_2025-09-07_15-19-04-1024x768.jpg 1024w, https://histoirepatrimoine-paris17.org/wp-content/uploads/2026/07/photo_2025-09-07_15-19-04-300x225.jpg 300w, https://histoirepatrimoine-paris17.org/wp-content/uploads/2026/07/photo_2025-09-07_15-19-04-768x576.jpg 768w, https://histoirepatrimoine-paris17.org/wp-content/uploads/2026/07/photo_2025-09-07_15-19-04.jpg 1280w" sizes="auto, (max-width: 1024px) 100vw, 1024px" /></figure>



<h2 class="wp-block-heading"><strong>📆</strong>🎤+🚶‍♂️ <strong>SAMEDI 19 SEPTEMBRE, Conférence à 11h + Promenade guidée à 14h30 :</strong> <strong>« ARCHITECTURE ET URBANISME : LES PROFONDES TRANSFORMATIONS DE PARIS SOUS LE SECOND EMPIRE ET LA TROISIEME REPUBLIQUE »</strong>, avec Patrick Rollot <em>(dans le cadre des Journées européennes du Patrimoine)</em></h2>



<p class="wp-block-paragraph">Après avoir fait un point <strong>à 11h</strong> sur l&rsquo;évolution des règlements d&rsquo;urbanisme et leurs conséquences concrètes sur la ville qui nous entoure, partez <strong>à 14h30</strong> à la découverte de toute la richesse des styles que nous offre l&rsquo;architecture parisienne de la seconde moitié du 19e et du début de 20e siècles au cœur de la Plaine-Monceau : haussmannien, néo-Renaissance, néo-gothique, style troubadour, néo-haussmannien, Art Nouveau, Art Déco&#8230; Une incroyable variété qui lui confère son charme rare et intemporel !<br><em>📍 MVAC du 17e, 25 rue Lantiez, M° Guy Moquet et Tram T3b Epinettes-Pouchet</em>. <strong>Inscription obligatoire</strong> : 01 58 60 16 20 ou maison.asso.17@paris.fr</p>



<figure class="wp-block-image size-large"><img loading="lazy" decoding="async" width="1024" height="618" src="https://histoirepatrimoine-paris17.org/wp-content/uploads/2026/06/260919-Visuel-JEP2026-1024x618.jpg" alt="" class="wp-image-1999" srcset="https://histoirepatrimoine-paris17.org/wp-content/uploads/2026/06/260919-Visuel-JEP2026-1024x618.jpg 1024w, https://histoirepatrimoine-paris17.org/wp-content/uploads/2026/06/260919-Visuel-JEP2026-300x181.jpg 300w, https://histoirepatrimoine-paris17.org/wp-content/uploads/2026/06/260919-Visuel-JEP2026-768x463.jpg 768w, https://histoirepatrimoine-paris17.org/wp-content/uploads/2026/06/260919-Visuel-JEP2026.jpg 1230w" sizes="auto, (max-width: 1024px) 100vw, 1024px" /></figure>



<h2 class="wp-block-heading"><strong>📆</strong>🚶‍♂️ <strong>DIMANCHE 20 SEPTEMBRE, deux promenades guidées, à 10h et à 14h :</strong> <strong>« QUELQUES HÔTELS PARTICULIERS AUX ABORDS DU PARC MONCEAU »</strong>, avec Patrick Rollot <em>(dans le cadre des Journées européennes du Patrimoine)</em></h2>



<p class="wp-block-paragraph">Les abords du Parc Monceau, réaménagés par les frères Pereire sous Napoléon III, offrent une grande diversité d&rsquo;hôtels particuliers magnifiques, construits à la fin du 19ème siècle par de riches familles. Notre promenade commencera par une découverte de <strong>l&rsquo;hôtel Pereire, qui abrite depuis 1975 la Fondation Simone et Cino Del Duca</strong>, avant d&rsquo;aller observer d&rsquo;autres constructions ayant appartenu aux familles Menier, Reinach ou Herzog, dont vous découvrirez les histoires, avant d&rsquo;achever notre parcours à <strong>la Bibliothèque musicale La Grange-Fleuret</strong> qui a pris place dans un bel hôtel particulier de 1867 et où nous attendra une jolie audition musicale avec <strong>le pianiste Valentin Walczak</strong>.</p>



<figure class="wp-block-image size-large"><img loading="lazy" decoding="async" width="1024" height="824" src="https://histoirepatrimoine-paris17.org/wp-content/uploads/2026/07/Vue-a-vol-doiseau-du-Parc-de-Monceaux.-Entree-du-cote-du-Boulevard-de-Malesherbes.-Extrait-de-louvrage-Les-promenades-de-Paris-dAdolphe-Alphand-2-vol.-Paris-J.-Rothschild-1867-1873-BD-1024x824.jpg" alt="" class="wp-image-2035" srcset="https://histoirepatrimoine-paris17.org/wp-content/uploads/2026/07/Vue-a-vol-doiseau-du-Parc-de-Monceaux.-Entree-du-cote-du-Boulevard-de-Malesherbes.-Extrait-de-louvrage-Les-promenades-de-Paris-dAdolphe-Alphand-2-vol.-Paris-J.-Rothschild-1867-1873-BD-1024x824.jpg 1024w, https://histoirepatrimoine-paris17.org/wp-content/uploads/2026/07/Vue-a-vol-doiseau-du-Parc-de-Monceaux.-Entree-du-cote-du-Boulevard-de-Malesherbes.-Extrait-de-louvrage-Les-promenades-de-Paris-dAdolphe-Alphand-2-vol.-Paris-J.-Rothschild-1867-1873-BD-300x242.jpg 300w, https://histoirepatrimoine-paris17.org/wp-content/uploads/2026/07/Vue-a-vol-doiseau-du-Parc-de-Monceaux.-Entree-du-cote-du-Boulevard-de-Malesherbes.-Extrait-de-louvrage-Les-promenades-de-Paris-dAdolphe-Alphand-2-vol.-Paris-J.-Rothschild-1867-1873-BD-768x618.jpg 768w, https://histoirepatrimoine-paris17.org/wp-content/uploads/2026/07/Vue-a-vol-doiseau-du-Parc-de-Monceaux.-Entree-du-cote-du-Boulevard-de-Malesherbes.-Extrait-de-louvrage-Les-promenades-de-Paris-dAdolphe-Alphand-2-vol.-Paris-J.-Rothschild-1867-1873-BD.jpg 1170w" sizes="auto, (max-width: 1024px) 100vw, 1024px" /></figure>



<p class="wp-block-paragraph"><strong>Enfin, rejoignez-nous EN ADHERANT ou EN FAISANT UN DON (défiscalisé de vos revenus 2025) <a href="https://histoirepatrimoine-paris17.org/index.php/adherer/" data-type="link" data-id="https://histoirepatrimoine-paris17.org/index.php/adherer/">en cliquant ici</a> !</strong><br><br>Hâte de vous retrouver lors de nos prochains événements !<br><br>Patrick Rollot<br>Président d&rsquo;<em>Histoire &amp; Patrimoine de Paris 17e</em></p>



<p class="wp-block-paragraph">NB : Où trouver <a href="https://histoirepatrimoine-paris17.org/index.php/nos-publications/">nos publications</a> dans le 17e, disponibles ou <a href="https://histoirepatrimoine-paris17.org/index.php/nos-publications/">sur commande</a> :</p>



<figure class="wp-block-image size-large"><img loading="lazy" decoding="async" width="724" height="1024" src="https://histoirepatrimoine-paris17.org/wp-content/uploads/2026/07/2605-Presentation-Collection-Librairie_page-0001-724x1024.jpg" alt="" class="wp-image-2027" srcset="https://histoirepatrimoine-paris17.org/wp-content/uploads/2026/07/2605-Presentation-Collection-Librairie_page-0001-724x1024.jpg 724w, https://histoirepatrimoine-paris17.org/wp-content/uploads/2026/07/2605-Presentation-Collection-Librairie_page-0001-212x300.jpg 212w, https://histoirepatrimoine-paris17.org/wp-content/uploads/2026/07/2605-Presentation-Collection-Librairie_page-0001-768x1086.jpg 768w, https://histoirepatrimoine-paris17.org/wp-content/uploads/2026/07/2605-Presentation-Collection-Librairie_page-0001-1086x1536.jpg 1086w, https://histoirepatrimoine-paris17.org/wp-content/uploads/2026/07/2605-Presentation-Collection-Librairie_page-0001.jpg 1241w" sizes="auto, (max-width: 724px) 100vw, 724px" /></figure>



<p class="wp-block-paragraph">&#8211; <strong><em>Comme une orange</em></strong><em>, </em>46 rue Bayen<br>&#8211; <em><strong>Kiosque à journaux</strong>, </em>8 avenue des Ternes<br>&#8211; <strong><em>Au bonheur des livres</em></strong>, 52 rue des Dames<br>&#8211; <strong><em>Librairie Fontaine</em></strong>, 48 rue de Lévis<br>&#8211; <strong><em>Ars Una</em></strong>, 126 boulevard Malesherbes<br>&#8211; <strong><em>La Procure Saint-François-de-Sales</em></strong>, 5 rue Brémontier<br>&#8211; <strong><em>Librairie des Batignolles</em></strong>, 48 rue des Moine</p>



<p class="wp-block-paragraph"></p>

<p>Bel été à toutes et à tous 🏖️☀️ et rendez-vous à la rentrée pour un second semestre encore riche de très jolis événements (programme prévisionnel à retrouver dans Nos événements) ! Nous avons hâte de vous retrouver en septembre pour <a class="more-link" href="https://histoirepatrimoine-paris17.org/">Lire plus &#8230;</a></p>
